Calculate the highest common divisor of 289872 and 11.
11
What is the highest common divisor of 1688 and 52?
4
Calculate the greatest common factor of 128256 and 448.
64
Calculate the greatest common divisor of 1143 and 124079.
127
What is the highest common divisor of 39049 and 1037?
17
Calculate the greatest common factor of 220 and 20185.
55
Calculate the greatest common divisor of 10818 and 466376.
1202
What is the highest common divisor of 2 and 5547?
1
What is the highest common factor of 4 and 18406?
2
What is the greatest common divisor of 532 and 5719?
133
Calculate the greatest common divisor of 10712 and 3874.
26
What is the highest common factor of 532486 and 17720?
886
What is the highest common factor of 1106 and 6174?
14
Calculate the highest common factor of 161 and 12796.
7
What is the greatest common factor of 1562 and 39314?
22
What is the highest common divisor of 436984 and 24?
8
Calculate the highest common divisor of 36347 and 38.
19
What is the highest common factor of 9 and 3003?
3
What is the greatest common divisor of 22384 and 52?
4
Calculate the greatest common divisor of 3113985 and 1316.
329
Calculate the greatest common divisor of 193972 and 1562.
142
Calculate the greatest common divisor of 260 and 1366950.
130
What is the greatest common factor of 246475 and 25?
25
What is the greatest common factor of 36654345 and 105?
105
Calculate the highest common factor of 266 and 478667.
133
Calculate the highest common divisor of 123075 and 225.
225
Calculate the highest common divisor of 42144 and 9808.
16
Calculate the highest common factor of 47641 and 21087.
781
What is the greatest common divisor of 41300 and 10220?
140
Calculate the highest common divisor of 1263431 and 52.
13
Calculate the greatest common divisor of 30 and 5619910.
10
What is the greatest common divisor of 3 and 25?
1
Calculate the highest common divisor of 250 and 232250.
250
What is the greatest common divisor of 27904 and 77608?
872
Calculate the highest common factor of 4743 and 3017602.
527
What is the highest common divisor of 44083 and 13?
13
Calculate the greatest common factor of 478 and 1715303.
239
What is the greatest common factor of 212970 and 4805?
155
What is the highest common factor of 351 and 205101?
117
Calculate the greatest common divisor of 1160 and 17110.
290
Calculate the greatest common divisor of 761 and 31.
1
What is the greatest common divisor of 802872 and 3894?
354
What is the highest common factor of 28 and 1074409?
7
Calculate the highest common factor of 618 and 8858.
206
Calculate the highest common divisor of 2303689 and 149.
149
What is the greatest common factor of 35168 and 471?
157
What is the greatest common factor of 1339344 and 1048?
1048
Calculate the highest common divisor of 221 and 23049.
13
Calculate the greatest common factor of 123 and 129273.
123
Calculate the greatest common factor of 79786 and 6394.
278
What is the greatest common factor of 216 and 22456?
8
Calculate the highest common factor of 3582 and 234.
18
Calculate the highest common factor of 378627 and 61.
61
What is the greatest common divisor of 121912 and 3528?
392
What is the greatest common factor of 2460 and 1140?
60
What is the highest common divisor of 1831176 and 1740?
348
Calculate the highest common divisor of 2685 and 8130.
15
Calculate the highest common divisor of 1991 and 5611.
181
Calculate the highest common divisor of 538 and 50841.
269
Calculate the highest common factor of 387 and 5116140.
387
What is the highest common factor of 6 and 45354?
6
Calculate the greatest common factor of 191 and 13561.
191
Calculate the highest common divisor of 286 and 177034.
286
What is the highest common divisor of 114206 and 204?
34
What is the greatest common divisor of 51132 and 3?
3
What is the highest common divisor of 144 and 2206728?
72
What is the highest common factor of 4538892 and 18?
6
What is the greatest common factor of 13086 and 12?
6
What is the greatest common factor of 24 and 13906164?
12
Calculate the highest common divisor of 1298 and 85019.
649
Calculate the highest common factor of 154215 and 230.
115
What is the highest common factor of 633626 and 322?
14
What is the highest common divisor of 249552 and 36?
36
What is the greatest common factor of 256146 and 198?
66
What is the greatest common factor of 35 and 648340?
35
Calculate the highest common factor of 1 and 142756.
1
Calculate the greatest common factor of 15243 and 3.
3
Calculate the greatest common divisor of 16 and 6648176.
16
Calculate the highest common factor of 95746 and 784.
98
What is the highest common divisor of 611 and 6123?
13
Calculate the greatest common divisor of 535 and 20.
5
Calculate the highest common divisor of 11200 and 1300.
100
Calculate the highest common divisor of 456 and 654778.
38
What is the highest common factor of 1044835 and 1256?
157
Calculate the highest common factor of 262464 and 192.
192
Calculate the greatest common divisor of 113202 and 285.
57
What is the highest common factor of 55500 and 183000?
1500
Calculate the highest common divisor of 6 and 27.
3
Calculate the greatest common divisor of 8404 and 9878.
22
What is the highest common divisor of 3180 and 2902280?
1060
Calculate the highest common factor of 146 and 454133.
73
Calculate the greatest common factor of 27 and 254043.
27
What is the highest common divisor of 14100 and 27166?
94
Calculate the highest common divisor of 35534 and 14.
2
What is the highest common divisor of 12992 and 2842?
406
What is the highest common divisor of 8 and 593?
1
What is the greatest common divisor of 20 and 17955?
5
What is the highest common divisor of 46942 and 112?
14
Calculate the greatest common factor of 772420 and 3080.
220
What is the highest common factor of 153553 and 43?
43
What is the highest common factor of 1680294 and 21?
21
Calculate the greatest common divisor of 47348 and 16492.
532
Calculate the highest common divisor of 126 and 9219.
21
Calculate the highest common factor of 3268 and 6708.
172
What is the highest common divisor of 52 and 467506?
26
What is the highest common divisor of 1581 and 27132?
51
Calculate the highest common factor of 1023 and 38049.
33
Calculate the greatest common factor of 187 and 12188.
11
What is the greatest common factor of 12 and 693066?
6
What is the greatest common divisor of 15151 and 436?
109
What is the highest common factor of 1116 and 220596?
372
What is the highest common divisor of 35 and 2495?
5
What is the greatest common divisor of 30217 and 2255?
451
What is the greatest common factor of 23661 and 165?
33
Calculate the greatest common divisor of 605488 and 284.
284
Calculate the highest common divisor of 7245 and 4991.
161
What is the greatest common factor of 468 and 33750?
18
Calculate the highest common factor of 141226 and 5274.
586
What is the greatest common factor of 105643 and 2225?
89
Calculate the greatest common divisor of 498 and 1344102.
498
What is the highest common factor of 225 and 26295?
15
Calculate the greatest common divisor of 14412636 and 252.
252
Calculate the highest common divisor of 1335 and 10947.
267
What is the highest common factor of 14 and 182623?
7
Calculate the greatest common factor of 119 and 878458.
119
Calculate the highest common divisor of 63 and 281211.
21
Calculate the highest common divisor of 16287 and 3111.
183
What is the highest common factor of 69115 and 1725?
115
What is the greatest common factor of 1148 and 19639?
41
Calculate the highest common factor of 1364 and 1704659.
341
Calculate the highest common factor of 224230 and 680.
170
Calculate the greatest common divisor of 50 and 4096.
2
Calculate the highest common factor of 17521 and 21.
7
Calculate the highest common factor of 18653 and 2944.
23
Calculate the highest common factor of 5242135 and 753.
251
What is the greatest common factor of 477659 and 39?
13
What is the greatest common divisor of 12 and 8553?
3
What is the highest common factor of 3072 and 105600?
384
Calculate the greatest common factor of 20 and 24025.
5
What is the greatest common factor of 26804 and 12?
4
Calculate the greatest common divisor of 1170 and 1498965.
195
What is the greatest common factor of 1165 and 90?
5
C